{"id":44,"date":"2019-08-13T12:38:34","date_gmt":"2019-08-13T12:38:34","guid":{"rendered":"http:\/\/fotografsverige.se\/?page_id=44"},"modified":"2019-08-13T12:38:34","modified_gmt":"2019-08-13T12:38:34","slug":"fotograf-koping","status":"publish","type":"page","link":"https:\/\/fotografsverige.se\/?page_id=44","title":{"rendered":"Fotograf K\u00f6ping"},"content":{"rendered":"\n<p>I V\u00e4stmanland vid v\u00e4stra M\u00e4laren ligger staden K\u00f6ping som har Sveriges n\u00e4st st\u00f6rsta insj\u00f6hamn. Det finns ocks\u00e5 en betydande tillverkningsindustri d\u00e5 b\u00e5de Volvo, Sandvik AB och Yara \u00e4r n\u00e5gra av de f\u00f6retag som har anl\u00e4ggningar i K\u00f6ping. S\u00e4ngf\u00f6retaget H\u00e4stens har sin bas men \u00e4ven s\u00e4ngtillverkaren Lectus har sin tillverkning och bas i staden. I K\u00f6ping ligger ocks\u00e5 centrallagret f\u00f6r Tibnor som \u00e4r Nordens ledande distribut\u00f6r av st\u00e5l och metaller.<\/p>\n\n\n\n<p>I kommunen satsar man p\u00e5 ett rikt friluftsliv och nya aktiviteter anordnas hela tiden i kommunens vackra natur. H\u00e4r kan du fiska, vandra, cykla, paddla och mycket, mycket mer. K\u00f6pings fotografer har en fantastisk natur att arbeta i!<\/p>\n\n\n\n<p>H\u00e4r finner du \u00e4ven ett stort sportintresse och K\u00f6pings hockey club, IBK, UBBK \u00e4r n\u00e5gra av stadens lag som g\u00f6r K\u00f6ping stolta g\u00e5ng p\u00e5 g\u00e5ng!<\/p>\n","protected":false},"excerpt":{"rendered":"<p>I V\u00e4stmanland vid v\u00e4stra M\u00e4laren ligger staden K\u00f6ping som har Sveriges n\u00e4st st\u00f6rsta insj\u00f6hamn. Det finns ocks\u00e5 en betydande tillverkningsindustri d\u00e5 b\u00e5de Volvo, Sandvik AB och Yara \u00e4r n\u00e5gra av de f\u00f6retag som har anl\u00e4ggningar i K\u00f6ping. S\u00e4ngf\u00f6retaget H\u00e4stens har sin bas men \u00e4ven s\u00e4ngtillverkaren Lectus har sin tillverkning och bas i staden. I K\u00f6ping ligger ocks\u00e5 centrallagret f\u00f6r Tibnor som \u00e4r Nordens ledande distribut\u00f6r av st\u00e5l och metaller. I kommunen satsar man p\u00e5 ett rikt friluftsliv och nya aktiviteter anordnas hela tiden i kommunens vackra natur. H\u00e4r kan du fiska, vandra, cykla, paddla och mycket, mycket mer. K\u00f6pings fotografer har en fantastisk natur att arbeta i! H\u00e4r finner du \u00e4ven ett stort sportintresse och K\u00f6pings hockey club, IBK, UBBK \u00e4r n\u00e5gra av stadens lag som g\u00f6r K\u00f6ping stolta g\u00e5ng p\u00e5 g\u00e5ng!<\/p>\n","protected":false},"author":1,"featured_media":0,"parent":0,"menu_order":0,"comment_status":"closed","ping_status":"closed","template":"","meta":[],"_links":{"self":[{"href":"https:\/\/fotografsverige.se\/index.php?rest_route=\/wp\/v2\/pages\/44"}],"collection":[{"href":"https:\/\/fotografsverige.se\/index.php?rest_route=\/wp\/v2\/pages"}],"about":[{"href":"https:\/\/fotografsverige.se\/index.php?rest_route=\/wp\/v2\/types\/page"}],"author":[{"embeddable":true,"href":"https:\/\/fotografsverige.se\/index.php?rest_route=\/wp\/v2\/users\/1"}],"replies":[{"embeddable":true,"href":"https:\/\/fotografsverige.se\/index.php?rest_route=%2Fwp%2Fv2%2Fcomments&post=44"}],"version-history":[{"count":1,"href":"https:\/\/fotografsverige.se\/index.php?rest_route=\/wp\/v2\/pages\/44\/revisions"}],"predecessor-version":[{"id":45,"href":"https:\/\/fotografsverige.se\/index.php?rest_route=\/wp\/v2\/pages\/44\/revisions\/45"}],"wp:attachment":[{"href":"https:\/\/fotografsverige.se\/index.php?rest_route=%2Fwp%2Fv2%2Fmedia&parent=44"}],"curies":[{"name":"wp","href":"https:\/\/api.w.org\/{rel}","templated":true}]}}