{"id":40,"date":"2019-08-13T12:36:32","date_gmt":"2019-08-13T12:36:32","guid":{"rendered":"http:\/\/fotografsverige.se\/?page_id=40"},"modified":"2019-08-13T12:36:32","modified_gmt":"2019-08-13T12:36:32","slug":"fotograf-arvika","status":"publish","type":"page","link":"https:\/\/fotografsverige.se\/?page_id=40","title":{"rendered":"Fotograf Arvika"},"content":{"rendered":"\n<p>I V\u00e4rmland ligger staden Arvika. Staden \u00e4r bel\u00e4gen vid norra sidan av Kyrkviken, som \u00e4r en avgr\u00e4nsad del av sj\u00f6n Glafsfjorden. Mellan Kyrkviken och Glafsfjorden g\u00e5r ett smalt sund mellan tv\u00e5 halv\u00f6ar, bel\u00e4get i n\u00e4stan rakt sydlig riktning fr\u00e5n stadens centrum.<\/p>\n\n\n\n<p>Arvika kommun \u00e4r en av Sveriges vattenrikaste omr\u00e5de. Med sina 365 sj\u00f6ar som storslagna skogar bjuder Arvika in till ett varierat friluftsliv d\u00e4r du kan \u00e5ka p\u00e5 safari, fiska, vandra, hyra trampb\u00e5r, paddla kajak och mycket, mycket mer. I centrum finner du ett brett utbud av butiker, restauranger och kaf\u00e9er. H\u00e4r finner du \u00e4ven Arvika Hamam, det turkiska badet d\u00e4r du kan testa tvagning och slappna av p\u00e5 varma marmorstenar. Vart tar du med dig din fotograf f\u00f6r att f\u00f6reviga dina minnen i staden Arvika?<\/p>\n\n\n\n<p>P\u00e5 den ena halv\u00f6n, Ingesund, ligger en av Sveriges sex nuvarande musikh\u00f6gskolor. Amat\u00f6rmusiklivet best\u00e5r av bland annat kammark\u00f6r, mansk\u00f6r, bl\u00e5sorkester och str\u00e5korkester.<\/p>\n","protected":false},"excerpt":{"rendered":"<p>I V\u00e4rmland ligger staden Arvika. Staden \u00e4r bel\u00e4gen vid norra sidan av Kyrkviken, som \u00e4r en avgr\u00e4nsad del av sj\u00f6n Glafsfjorden. Mellan Kyrkviken och Glafsfjorden g\u00e5r ett smalt sund mellan tv\u00e5 halv\u00f6ar, bel\u00e4get i n\u00e4stan rakt sydlig riktning fr\u00e5n stadens centrum. Arvika kommun \u00e4r en av Sveriges vattenrikaste omr\u00e5de. Med sina 365 sj\u00f6ar som storslagna skogar bjuder Arvika in till ett varierat friluftsliv d\u00e4r du kan \u00e5ka p\u00e5 safari, fiska, vandra, hyra trampb\u00e5r, paddla kajak och mycket, mycket mer. I centrum finner du ett brett utbud av butiker, restauranger och kaf\u00e9er. H\u00e4r finner du \u00e4ven Arvika Hamam, det turkiska badet d\u00e4r du kan testa tvagning och slappna av p\u00e5 varma marmorstenar. Vart tar du med dig din fotograf f\u00f6r att f\u00f6reviga dina minnen i staden Arvika? P\u00e5 den ena halv\u00f6n, Ingesund, ligger en av Sveriges sex nuvarande musikh\u00f6gskolor. Amat\u00f6rmusiklivet best\u00e5r av bland annat kammark\u00f6r, mansk\u00f6r, bl\u00e5sorkester och str\u00e5korkester.<\/p>\n","protected":false},"author":1,"featured_media":0,"parent":0,"menu_order":0,"comment_status":"closed","ping_status":"closed","template":"","meta":[],"_links":{"self":[{"href":"https:\/\/fotografsverige.se\/index.php?rest_route=\/wp\/v2\/pages\/40"}],"collection":[{"href":"https:\/\/fotografsverige.se\/index.php?rest_route=\/wp\/v2\/pages"}],"about":[{"href":"https:\/\/fotografsverige.se\/index.php?rest_route=\/wp\/v2\/types\/page"}],"author":[{"embeddable":true,"href":"https:\/\/fotografsverige.se\/index.php?rest_route=\/wp\/v2\/users\/1"}],"replies":[{"embeddable":true,"href":"https:\/\/fotografsverige.se\/index.php?rest_route=%2Fwp%2Fv2%2Fcomments&post=40"}],"version-history":[{"count":1,"href":"https:\/\/fotografsverige.se\/index.php?rest_route=\/wp\/v2\/pages\/40\/revisions"}],"predecessor-version":[{"id":41,"href":"https:\/\/fotografsverige.se\/index.php?rest_route=\/wp\/v2\/pages\/40\/revisions\/41"}],"wp:attachment":[{"href":"https:\/\/fotografsverige.se\/index.php?rest_route=%2Fwp%2Fv2%2Fmedia&parent=40"}],"curies":[{"name":"wp","href":"https:\/\/api.w.org\/{rel}","templated":true}]}}