{"id":32,"date":"2019-08-13T12:34:09","date_gmt":"2019-08-13T12:34:09","guid":{"rendered":"http:\/\/fotografsverige.se\/?page_id=32"},"modified":"2019-08-13T12:34:09","modified_gmt":"2019-08-13T12:34:09","slug":"fotograf-ronneby","status":"publish","type":"page","link":"https:\/\/fotografsverige.se\/?page_id=32","title":{"rendered":"Fotograf Ronneby"},"content":{"rendered":"\n<p>I landskapet Blekinge, knappt tre mil ifr\u00e5n\u00a0Karlshamn\u00a0ligger den idylliska sm\u00e5staden Ronneby. H\u00e4r hittade man \u00e5r 1705 Ronnebybrunn, k\u00e4lla med j\u00e4rnhaltigt vatten vid Ronneby\u00e5ns v\u00e4stra strand. Detta var b\u00f6rjan till Ronnebys kurortshistoria. Vattnet tappades upp i badkar f\u00f6r patienterna att bad i och p\u00e5 flaska f\u00f6r att s\u00e4ljas i stadens apotek. \u00c4n idag kan man smaka p\u00e5 vattnet ur handpumpen bredvid Gamla K\u00e4llan.\u00a0 Passa p\u00e5 att f\u00f6reviga dina minnen i den h\u00e4lsosamma staden med hj\u00e4lp av din fotograf!<\/p>\n\n\n\n<p>I Brunnsparken finner du den Japanska tr\u00e4dg\u00e5rden som \u00e4r en plats f\u00f6r avkoppling. H\u00e4r finner du \u00e4ven vackra promenadstigar och underbara blomsterplanteringar. Idag \u00e4r parken full av liv \u2013 h\u00e4r finns ett \u00e4ventyrsbad, minigolfbana, tennisbanor och stora ytor f\u00f6r lek och avkoppling. Under sommaren avl\u00f6ser evenemangen varandra. Intill parken ligger Brunnsskogen med sin fantastiska natur och den lilla sj\u00f6n, Trollsj\u00f6n, i skogens mitt.<\/p>\n","protected":false},"excerpt":{"rendered":"<p>I landskapet Blekinge, knappt tre mil ifr\u00e5n\u00a0Karlshamn\u00a0ligger den idylliska sm\u00e5staden Ronneby. H\u00e4r hittade man \u00e5r 1705 Ronnebybrunn, k\u00e4lla med j\u00e4rnhaltigt vatten vid Ronneby\u00e5ns v\u00e4stra strand. Detta var b\u00f6rjan till Ronnebys kurortshistoria. Vattnet tappades upp i badkar f\u00f6r patienterna att bad i och p\u00e5 flaska f\u00f6r att s\u00e4ljas i stadens apotek. \u00c4n idag kan man smaka p\u00e5 vattnet ur handpumpen bredvid Gamla K\u00e4llan.\u00a0 Passa p\u00e5 att f\u00f6reviga dina minnen i den h\u00e4lsosamma staden med hj\u00e4lp av din fotograf! I Brunnsparken finner du den Japanska tr\u00e4dg\u00e5rden som \u00e4r en plats f\u00f6r avkoppling. H\u00e4r finner du \u00e4ven vackra promenadstigar och underbara blomsterplanteringar. Idag \u00e4r parken full av liv \u2013 h\u00e4r finns ett \u00e4ventyrsbad, minigolfbana, tennisbanor och stora ytor f\u00f6r lek och avkoppling. Under sommaren avl\u00f6ser evenemangen varandra. Intill parken ligger Brunnsskogen med sin fantastiska natur och den lilla sj\u00f6n, Trollsj\u00f6n, i skogens mitt.<\/p>\n","protected":false},"author":1,"featured_media":0,"parent":0,"menu_order":0,"comment_status":"closed","ping_status":"closed","template":"","meta":[],"_links":{"self":[{"href":"https:\/\/fotografsverige.se\/index.php?rest_route=\/wp\/v2\/pages\/32"}],"collection":[{"href":"https:\/\/fotografsverige.se\/index.php?rest_route=\/wp\/v2\/pages"}],"about":[{"href":"https:\/\/fotografsverige.se\/index.php?rest_route=\/wp\/v2\/types\/page"}],"author":[{"embeddable":true,"href":"https:\/\/fotografsverige.se\/index.php?rest_route=\/wp\/v2\/users\/1"}],"replies":[{"embeddable":true,"href":"https:\/\/fotografsverige.se\/index.php?rest_route=%2Fwp%2Fv2%2Fcomments&post=32"}],"version-history":[{"count":1,"href":"https:\/\/fotografsverige.se\/index.php?rest_route=\/wp\/v2\/pages\/32\/revisions"}],"predecessor-version":[{"id":33,"href":"https:\/\/fotografsverige.se\/index.php?rest_route=\/wp\/v2\/pages\/32\/revisions\/33"}],"wp:attachment":[{"href":"https:\/\/fotografsverige.se\/index.php?rest_route=%2Fwp%2Fv2%2Fmedia&parent=32"}],"curies":[{"name":"wp","href":"https:\/\/api.w.org\/{rel}","templated":true}]}}